974612.
2, 11, 499423
List the prime factors of 805289.
805289
What are the prime factors of 142123?
142123
List the prime factors of 22603325.
5, 29, 31177
What are the prime factors of 19327079?
17, 29, 197, 199
List the prime factors of 441893.
163, 2711
List the prime factors of 661733.
23, 28771
List the prime factors of 296566.
2, 79, 1877
List the prime factors of 530849.
11, 48259
List the prime factors of 7473835.
5, 349, 4283
What are the prime factors of 472327?
283, 1669
List the prime factors of 930641.
137, 6793
List the prime factors of 25227462.
2, 3, 13, 503, 643
List the prime factors of 7632100.
2, 5, 7, 10903
List the prime factors of 2010419.
433, 4643
List the prime factors of 806244.
2, 3, 67187
List the prime factors of 8126622.
2, 3, 7, 21499
What are the prime factors of 2104729?
11, 191339
What are the prime factors of 171531?
3, 6353
What are the prime factors of 767552?
2, 67, 179
List the prime factors of 148156.
2, 37039
List the prime factors of 457857.
3, 50873
What are the prime factors of 119966?
2, 7, 11, 19, 41
What are the prime factors of 70903?
7, 1447
List the prime factors of 2587032.
2, 3, 7, 29, 59
What are the prime factors of 16358872?
2, 103, 19853
List the prime factors of 81828.
2, 3, 2273
What are the prime factors of 1594091?
113, 14107
List the prime factors of 1325075.
5, 53003
What are the prime factors of 183814?
2, 73, 1259
List the prime factors of 487386.
2, 3, 27077
What are the prime factors of 392833?
7, 8017
List the prime factors of 2100894.
2, 3, 17, 43, 479
List the prime factors of 95073.
3, 11, 43, 67
What are the prime factors of 3912796?
2, 29, 89, 379
List the prime factors of 22926901.
19, 1206679
What are the prime factors of 186514?
2, 93257
List the prime factors of 1792072.
2, 17, 13177
What are the prime factors of 847049?
7, 121007
List the prime factors of 1731478.
2, 7, 123677
List the prime factors of 1062996.
2, 3, 11, 8053
What are the prime factors of 19421858?
2, 179, 54251
List the prime factors of 790797.
3, 7, 37657
What are the prime factors of 294086?
2, 13, 11311
What are the prime factors of 1412613?
3, 113, 463
List the prime factors of 130144.
2, 7, 83
List the prime factors of 3122055.
3, 5, 69379
List the prime factors of 10088488.
2, 43, 29327
List the prime factors of 359793.
3, 7, 5711
What are the prime factors of 25008356?
2, 233, 26833
List the prime factors of 696478.
2, 348239
What are the prime factors of 155856?
2, 3, 17, 191
List the prime factors of 5822237.
631, 9227
List the prime factors of 576664.
2, 11, 6553
What are the prime factors of 1447?
1447
What are the prime factors of 171016?
2, 21377
List the prime factors of 37771028.
2, 43, 219599
What are the prime factors of 114015?
3, 5, 11, 691
List the prime factors of 213035.
5, 137, 311
What are the prime factors of 823552?
2, 3217
List the prime factors of 9948351.
3, 7, 23, 43, 479
What are the prime factors of 2091178?
2, 19, 113, 487
What are the prime factors of 22705750?
2, 5, 90823
List the prime factors of 1951459.
1951459
What are the prime factors of 359705?
5, 71941
List the prime factors of 830535.
3, 5, 17, 3257
List the prime factors of 1422523.
1422523
What are the prime factors of 12147974?
2, 457, 13291
What are the prime factors of 199906?
2, 7, 109, 131
List the prime factors of 449144.
2, 23, 2441
What are the prime factors of 529486?
2, 264743
What are the prime factors of 1426882?
2, 41, 17401
What are the prime factors of 10231480?
2, 5, 7, 36541
What are the prime factors of 166840?
2, 5, 43, 97
List the prime factors of 51800.
2, 5, 7, 37
What are the prime factors of 1696799?
13, 130523
What are the prime factors of 488428?
2, 23, 5309
What are the prime factors of 5802426?
2, 3, 7, 46051
What are the prime factors of 18260409?
3, 503, 12101
List the prime factors of 437998.
2, 11, 43, 463
What are the prime factors of 398390?
2, 5, 39839
What are the prime factors of 7328694?
2, 3, 1221449
What are the prime factors of 394049?
394049
What are the prime factors of 5661241?
829, 6829
What are the prime factors of 11791516?
2, 11, 29, 9241
List the prime factors of 14215079.
2749, 5171
List the prime factors of 13383732.
2, 3, 29, 38459
List the prime factors of 5038511.
17, 311, 953
What are the prime factors of 1625590?
2, 5, 149, 1091
List the prime factors of 6037284.
2, 3, 11, 45737
List the prime factors of 167809.
167809
What are the prime factors of 346139?
346139
List the prime factors of 6874225.
5, 131, 2099
List the prime factors of 13012995.
3, 5, 181, 4793
List the prime factors of 278696.
2, 11, 3167
List the prime factors of 3282683.
17, 31, 6229
List the prime factors of 164649.
3, 71, 773
List the prime factors of 2409942.
2, 3, 89, 4513
List the prime factors of 374815.
5, 7, 10709
List the prime factors of 142104.
2, 3, 31, 191
What are the prime factors of 29875876?
2, 89, 83921
What are the prime factors of 8002118?
2, 4001059
What are the prime factors of 25682181?
3, 7, 37, 33053
What are the prime factors of 6669031?
401, 16631
List the prime factors of 261893.
101, 2593
List the prime factors of 17055249.
3, 5685083
List the prime factors of 35422.
2, 89, 199
What are the prime factors of 968159?
968159
What are the prime factors of 4009254?
2, 3, 668209
List the prime factors of 186819.
3, 62273
List the prime factors of 3586803.
3, 11, 41, 241
List the prime factors of 1261477.
7, 180211
What are the prime factors of 3619982?
2, 1809991
What are the prime factors of 2213190?
2, 3, 5, 7, 1171
What are the prime factors of 647211?
3, 215737
What are the prime factors of 161734?
2, 193, 419
What are the prime factors of 344646?
2, 3, 41, 467
What are the prime factors of 371560?
2, 5, 7, 1327
List the prime factors of 3836787.
3, 29, 44101
List the prime factors of 4214433.
3, 1404811
What are the prime factors of 6966367?
6966367
List the prime factors of 156017.
89, 1753
What are the prime factors of 6815257?
31, 219847
What are the prime factors of 1431422?
2, 19, 139, 271
List the prime factors of 6041338.
2, 29, 104161
What are the prime factors of 6434136?
2, 3, 89363
What are the prime factors of 287909?
127, 2267
List the prime factors of 7193828.
2, 1798457
List the prime factors of 15397321.
15397321
List the prime factors of 306232.
2, 101, 379
What are the prime factors of 999816?
2, 3, 41659
List the prime factors of 2924546.
2, 163, 8971
List the prime factors of 1114961.
53, 109, 193
What are the prime factors of 619572?
2, 3, 51631
What are the prime factors of 164781?
3, 17, 359
What are the prime factors of 5978499?
3, 227, 8779
What are the prime factors of 103784?
2, 12973
List the prime factors of 5324067.
3, 7, 84509
List the prime factors of 1607974.
2, 803987
What are the prime factors of 2437229?
79, 30851
What are the prime factors of 46075?
5, 19, 97
List the prime factors of 4143197.
19, 23, 499
List the prime factors of 417295.
5, 83459
What are the prime factors of 1218005?
5, 47, 71, 73
List the prime factors of 295622.
2, 147811
List the prime factors of 3749.
23, 163
List the prime factors of 3429720.
2, 3, 5, 7, 1361
List the prime factors of 1858875.
3, 5, 4957
List the prime factors of 5158828.
2, 307, 4201
What are the prime factors of 26131?
7, 3733
List the prime factors of 2130792.
2, 3, 47, 1889
List the prime factors of 50059.
113, 443
What are the prime factors of 7729875?
3, 5, 6871
What are the prime factors of 33088423?
47, 704009
What are the prime factors of 7951085?
5, 103, 15439
What are the prime factors of 3333173?
17, 29, 6761
What are the prime factors of 17677808?
2, 263, 4201
What are the prime factors of 14046945?
3, 5, 11, 85133
What are the prime factors of 24974813?
47, 691, 769
List the prime factors of 4056966.
2, 3, 79, 317
List the prime factors of 29023.
29023
What are the prime factors of 106219?
106219
What are the prime factors of 476500?
2, 5, 953
List the prime factors of 14540978.
2, 41, 383, 463
List the prime factors of 2718212.
2, 7, 193, 503
List the prime factors of 3374032.
2, 61, 3457
List the prime factors of 2743989.
3, 257, 3559
What are the prime factors of 329547?
3, 109849
List the prime factors of 122925.
3, 5, 11, 149
List the prime factors of